he greatest common divisor of 376 and w.
8
Let g be 0 - (2/6)/((-11)/1551). Suppose g = 25*n - 53. Suppose -c + 36 = 2*f + 3*c, -f + 4*c = 6. Calculate the greatest common factor of n and f.
2
Let z be (27/(-15))/(38/475*(-3)/4). What is the greatest common factor of z and 3235?
5
Let l = 223 + -214. Suppose -l*g + 21 = -96. Calculate the highest common factor of g and 169.
13
Suppose -17*j + 3069 = -7020 - 32343. What is the highest common divisor of 1344 and j?
192
Let g(d) = d**3 - 3*d**2 + d + 4. Let n(v) = -v**3 - 21*v**2 - 39*v - 16. Let b be n(-19). Let l be g(b). Calculate the greatest common factor of 7 and l.
7
Let p be (13230/(-168))/((-297)/88 - (-1 - 2)). What is the highest common factor of p and 730?
10
Let o(t) = -t**2 - 61*t - 852. Let j be o(-39). Let w(i) = 2*i**2 - 14*i - 9. Let u be w(10). Calculate the highest common divisor of j and u.
3
Let i(p) = 5*p**2 + 26*p - 58. Let x be i(2). Suppose -3*u = 2*u. Suppose 0 = -2*h - u*h + 56. Calculate the greatest common factor of h and x.
14
Let u = 535 - 370. Suppose -3*k - 3*l = 2*l - 22, k - 4 = -5*l. Let a be k/(27/84) + 5. Calculate the greatest common factor of a and u.
33
Let r(f) = -f**3 - 22*f**2 - 9*f + 356. Let c be r(-21). Calculate the greatest common factor of 4316 and c.
52
Let d(j) = 2*j**2 - 3. Let i be d(-3). Let s be 860*(i/(-2))/(-5). Let r be (-6)/(-21) - s/(-42). Calculate the greatest common divisor of 31 and r.
31
Suppose 110001*z - 109993*z - 1456 = 0. Calculate the highest common divisor of 518 and z.
14
Let i(w) be the second derivative of 31*w**4/12 - w**3/2 - w**2/2 - 8*w - 4. Let o be i(-1). What is the highest common divisor of o and 33?
33
Suppose -4*d = -4*y + 312 - 108, 2*y + 4*d = 156. Calculate the greatest common factor of y and 470.
10
Suppose -3*y + 5*h = -21902, -18*h - 21886 = -3*y - 17*h. Calculate the greatest common factor of y and 14.
14
Suppose 49*c = 4*c - 27563 + 294053. Calculate the highest common factor of c and 252.
126
Suppose x + 159 = -90*m + 91*m, -309 = -2*m + 5*x. Calculate the greatest common factor of m and 26.
2
Let u = -188935 + 188949. Suppose 3*n - 4*f - 221 - 1194 = 0, 0 = -4*n + f + 1878. Calculate the greatest common divisor of u and n.
7
Suppose -26*c + 7040 = 54*c. Suppose a = -0*a. Let x(s) = s**3 - s + 8. Let w be x(a). What is the greatest common factor of c and w?
8
Let i = 35449 + -35358. Suppose 3*v = 4*f + 5*v - 1052, 2*f - 524 = -2*v. Let x be 2/(-10) + f/20. Calculate the greatest common factor of x and i.
13
Let j = 813 + -795. Let m = j - -640. What is the greatest common divisor of 94 and m?
94
Suppose 4*y - 5*j = 141, -189 + 60 = -3*y - 4*j. What is the highest common factor of y and 6513?
39
Let l be -1 + -4 + (2 - -10). Suppose -30 = -l*h - 2. Suppose 0 = p - 5*p + 4*j + h, -2*p = j - 11. Calculate the greatest common divisor of p and 36.
4
Suppose -3*p - p + 24 = 0. Suppose -t + 134 = 4*y, -3*t + 71*y - 65*y = -312. Calculate the highest common divisor of p and t.
6
Let m(j) = -2*j + 9. Let k be m(20). Let h = 34 + k. Let p = h + 27. What is the highest common factor of 6 and p?
6
Let o be (4/5)/(3/1365). Let q be 11628/418 + (4*(-24)/(-44) - 2). Calculate the highest common factor of q and o.
28
Let l be (-7)/(-7*(-14)/931)*(-216)/14. Calculate the highest common factor of l and 126.
18
Suppose 5*c + 314 = 814. Calculate the greatest common factor of c and 575.
25
Let s = 155 - 101. Let v(i) = 4*i - 79. Let r be v(21). Let d(u) = 12*u - 54. Let n be d(r). What is the greatest common divisor of s and n?
6
Suppose -88 = -2*u - 24. What is the highest common factor of u and 368?
16
Suppose 33 = -d + 2*d. Suppose -6*m + 561 + 1995 = 0. Suppose m - 448 = -g. What is the highest common divisor of g and d?
11
Suppose 0*q - 1050 = 6*q. Let i = q + 417. Calculate the highest common divisor of 66 and i.
22
Suppose 0*g - 2*g + 2*o + 16 = 0, -5*o + 20 = g. Let q(v) = 26*v + 13. Let c be q(g). What is the highest common divisor of c and 117?
39
Let o = 41 - 38. Suppose -o*i = -2 + 11. Let f(s) = 22*s**2 - 11. Let l be f(i). What is the greatest common factor of l and 17?
17
Let v = -1819 - -6267. What is the highest common divisor of 40 and v?
8
Let w = 25381 + -19074. What is the highest common divisor of w and 159?
53
Let j(n) = 153*n + 2. Suppose -3*c - 83*l + 80*l + 6 = 0, -5*l - 11 = 2*c. Let g be j(c). What is the greatest common divisor of g and 37?
37
Suppose -179170 = -22*r - 179148. Calculate the greatest common divisor of 421 and r.
1
Suppose -13*j = -1011 - 978. What is the highest common divisor of 85 and j?
17
Suppose 0*y = y - 29. Suppose 4*h - 3329 = -5*b, 56*h - 54*h + 3*b = 1661. Calculate the highest common factor of y and h.
29
Suppose -4*w + 0*d - 3*d - 21 = 0, d = -5*w - 29. Let o(f) = -65*f - 341. Let r be o(w). Calculate the greatest common divisor of r and 637.
49
Suppose -356 + 26 = -15*c. Let j = -27 - -49. Calculate the greatest common divisor of j and c.
22
Let g(p) = -226*p + 615. Let u be g(-7). Calculate the highest common factor of 13 and u.
13
Suppose 1856*b - 20 = -3*v + 1854*b, 0 = 4*v + 3*b - 28. Let k(d) = -d**3 - 2*d**2 + 5*d + 2. Let l be k(-5). Calculate the greatest common factor of l and v.
4
Let o be (-1)/(126/(-129) + 1). Let s = o + 118. What is the greatest common divisor of s and 50?
25
Let c(x) = 2525*x + 27808. Let s be c(-11). Let t = -7 - -3. Let u be ((-165)/4)/5*t. Calculate the highest common factor of s and u.
33
Suppose -231 + 3 = -50*n + 22. Suppose -2*h = -1 - 1. What is the highest common factor of n and h?
1
Suppose -222*b - 788 = -224*b - 4*t, -1 = t. Calculate the greatest common divisor of 936 and b.
36
Suppose 8*r - 9*r - 2*j = -55, 17*r = 2*j + 755. Let k = -3 + 27. Let d be (k/10)/(4/50). What is the greatest common divisor of d and r?
15
Let x be -3 + (-24)/((-2)/1). Suppose -2536 = -4*w + 3512. Suppose 23*f - w = -f. What is the greatest common divisor of f and x?
9
Let m(i) = 13*i - 45. Let v(y) = -2*y + 2. Let q(h) = -m(h) - 6*v(h). Let p be q(-22). What is the greatest common factor of 20 and p?
5
Let l be (28/(-21))/((-16)/(-12)). Let s be 4/10 - (l + 96/(-10)). Calculate the highest common factor of s and 11.
11
Suppose -4*r + 120 = -9*r. Let x be (-2)/(-6) + (-1048)/r. Suppose -3*n - 5*n = 5*p - 1408, n = 4*p + 176. Calculate the highest common divisor of x and n.
44
Let n(m) = 0*m**2 - 3*m**2 + 6*m**2 - 2*m**2 + 12*m + 26. Let r be n(-12). Let d = r + -14. What is the highest common divisor of 4 and d?
4
Let g(t) = t**3 + 9*t**2 + 5*t + 21. Let w be g(-8). Suppose 5*l = 4*k - 60, 5*k - 2*l - 137 + w = 0. Calculate the highest common divisor of k and 260.
20
Let x(r) = 3*r**2 + 84*r + 168. Let f be x(-2). Calculate the greatest common divisor of f and 3.
3
Suppose 44 = 6499*c - 6477*c. What is the highest common divisor of c and 53?
1
Let w = 18426 + -15423. Calculate the highest common factor of w and 462.
231
Let b = 10643 + -10544. Let g = -311 - -465. What is the greatest common divisor of b and g?
11
Let g be ((-4)/((-32)/(-616)))/(2/(-4)). Suppose 6*t = 2*a + 9*t - g, 0 = -a - t + 77. What is the highest common factor of 35 and a?
7
Suppose 38*u - 14*u - 120 - 240 = 0. Calculate the highest common factor of 28095 and u.
15
Suppose 4*s = d - 66 + 228, -4*d = s - 32. Suppose -s = -4*r + b + 3*b, 3*r - 2 = -4*b. Suppose 0 = n - 9 - r. Calculate the highest common divisor of n and 30.
15
Let s = 146 - 146. Let k(x) = -x**2 + 5*x + 121. Let l be k(s). Let z be (l/(-5))/(13/(-65)). Calculate the highest common divisor of 11 and z.
11
Let z(l) = -10*l - 1. Let f be z(-2). Suppose 2*v + 398 = -4*p, -4*v + 5*p = -0*p + 861. Let j = -190 - v. What is the highest common factor of j and f?
19
Suppose 3 = -15*z + 16*z. Suppose -z*x + 185 = 5*l, -4*l = -3*x - 51 - 70. Calculate the greatest common factor of 170 and l.
34
Let s = -8449 - -8456. Let q(v) = -10 + 26 - 5*v**2 + 6*v + 4*v**2. Let h be q(s). What is the highest common divisor of 72 and h?
9
Suppose 54 = 2*u + 376. Let t = 336 + u. Let y(i) = 11*i + 4. Let r be y(6). What is the greatest common divisor of r and t?
35
Let b(u) = u**3 + 3*u**2 - u + 2. Let f be b(0). Suppose -p + f*m - 100 = -5*p, -p = -2*m - 35. What is the greatest common divisor of p and 9?
9
Suppose 1823 = 20*